-214301 (base 5) to base 15
-231b
-230022 (base 5) to base 4
-1333021
-30120 (base 4) to base 16
-318
Convert -38111 (base 9) to base 12.
-1299a
Convert 548 (base 14) to base 7.
3021
What is -123033 (base 5) in base 15?
-162d
What is 1000011111111 (base 2) in base 7?
15454
Convert 2b76 (base 12) to base 5.
131010
Convert -111010001 (base 2) to base 9.
-566
Convert 1433 (base 8) to base 4.
30123
Convert -2376 (base 8) to base 12.
-8a6
What is 18b0 (base 12) in base 5?
44022
What is -4607 (base 13) in base 11?
-7408
What is 100323331 (base 4) in base 8?
207375
What is -4099 (base 14) in base 16?
-2b67
35153 (base 8) to base 16
3a6b
21331 (base 4) to base 10
637
What is -28b4 (base 15) in base 7?
-34264
Convert -64505 (base 7) to base 3.
-210222122
What is -11037 (base 9) in base 12?
-42a4
Convert -2316 (base 10) to base 9.
-3153
What is 110100100 (base 2) in base 11?
352
Convert 10041 (base 6) to base 14.
6a5
-890 (base 14) to base 12
-b92
56 (base 16) to base 9
105
What is 203064 (base 7) in base 6?
424333
33003 (base 6) to base 5
121124
Convert -2483 (base 9) to base 13.
-acb
What is -784 (base 12) in base 3?
-1112001
Convert 2336 (base 9) to base 3.
2101020
Convert 1302 (base 4) to base 2.
1110010
-adb (base 16) to base 2
-101011011011
Convert -174 (base 11) to base 14.
-106
What is 1015 (base 7) in base 13?
214
Convert -1669 (base 10) to base 12.
-b71
18b (base 14) to base 2
100111111
Convert -141205 (base 6) to base 12.
-7805
Convert 110010001 (base 3) to base 4.
2021332
1bc50 (base 13) to base 6
1101445
What is -51171 (base 8) in base 6?
-241425
85c (base 15) to base 16
75f
What is 161 (base 7) in base 16?
5c
What is -98a9 (base 13) in base 2?
-101001100010000
4c2 (base 16) to base 15
563
What is -69 (base 13) in base 16?
-57
7b32 (base 12) to base 13
6323
What is 1739 (base 16) in base 11?
4515
What is -579 (base 16) in base 7?
-4041
What is 110 (base 7) in base 14?
40
13203 (base 15) to base 7
343302
1692 (base 15) to base 7
20114
What is -24342 (base 7) in base 12?
-3813
-6654 (base 7) to base 14
-c2b
What is -2010222020 (base 3) in base 14?
-11589
Convert 13775 (base 8) to base 14.
2349
11c1 (base 13) to base 14
cc3
15546 (base 7) to base 5
120040
-2724 (base 11) to base 5
-103120
Convert -12181 (base 9) to base 5.
-230143
Convert bc1 (base 14) to base 8.
4425
What is -70 (base 16) in base 13?
-88
20054 (base 10) to base 9
30452
-214401 (base 5) to base 11
-5687
-784 (base 9) to base 2
-1010000011
What is 414030 (base 5) in base 8?
32510
What is -111111221 (base 3) in base 8?
-23175
Convert 13001 (base 4) to base 13.
287
Convert -43604 (base 7) to base 4.
-2222303
4033 (base 5) to base 15
248
Convert -2020120 (base 3) to base 4.
-121203
-112332 (base 5) to base 2
-111111111100
16 (base 7) to base 11
12
-1101 (base 2) to base 14
-d
Convert -86 (base 14) to base 8.
-166
What is -10203 (base 5) in base 13?
-402
473 (base 12) to base 3
220120
Convert 3a3a (base 14) to base 11.
7773
-1439 (base 15) to base 14
-1813
Convert -5b87 (base 13) to base 6.
-135551
-20638 (base 9) to base 11
-a283
113 (base 5) to base 9
36
Convert -207 (base 11) to base 12.
-189
What is 21521 (base 8) in base 12?
5295
Convert 11010110 (base 2) to base 7.
424
Convert -33322 (base 4) to base 3.
-1101201
Convert 2342 (base 7) to base 8.
1537
1af9 (base 16) to base 9
10422
What is 16714 (base 8) in base 15?
23d8
What is 2330 (base 5) in base 7?
664
-3144104 (base 5) to base 13
-1b1a2
2587 (base 11) to base 15
ee2
Convert -311001 (base 5) to base 14.
-3994
What is -d52 (base 14) in base 6?
-20044
Convert 8637 (base 10) to base 16.
21bd
17a (base 12) to base 14
130
What is -221201010 (base 3) in base 7?
-105432
Convert -45a5 (base 14) to base 11.
-9101
What is -2464 (base 7) in base 10?
-928
What is 850 (base 13) in base 14?
733
95 (base 12) to base 11
a3
What is -418 (base 15) in base 3?
-1021012
Convert 14013 (base 5) to base 12.
7a5
6e0 (base 16) to base 4
123200
Convert 1893 (base 10) to base 14.
993
Convert -34130 (base 5) to base 4.
-211233
-1464 (base 7) to base 11
-492
-11331 (base 4) to base 7
-1053
What is -12220 (base 4) in base 16?
-1a8
What is -52123 (base 6) in base 8?
-15463
What is 8650 (base 11) in base 14?
4245
What is -46 (base 7) in base 4?
-202
What is -68a (base 13) in base 6?
-5120
What is -305f (base 16) in base 4?
-3001133
Convert -32515 (base 6) to base 14.
-1903
4 (base 12) to base 6
4
What is 2022211 (base 3) in base 11?
1302
-54065 (base 8) to base 12
-11099
Convert -1979 (base 15) to base 4.
-1112022
What is -4032 (base 7) in base 15?
-630
What is -85f6 (base 16) in base 5?
-2044134
Convert -886 (base 10) to base 12.
-61a
Convert -424 (base 16) to base 10.
-1060
2046 (base 7) to base 2
1011010000
9378 (base 12) to base 15
4b6b
What is 875 (base 16) in base 4?
201311
Convert -102222122 (base 3) to base 15.
-28c8
-487 (base 13) to base 12
-557
Convert -66100 (base 7) to base 4.
-10002001
Convert -111101101 (base 2) to base 3.
-200021
-2b (base 15) to base 13
-32
Convert -42731 (base 8) to base 4.
-10113121
-51532 (base 6) to base 5
-210041
What is 9e5 (base 16) in base 7?
10246
247b3 (base 12) to base 3
2111221100
-11443 (base 6) to base 5
-23213
2030 (base 5) to base 14
14d
What is 344402 (base 5) in base 10?
12477
Convert 35522 (base 6) to base 13.
2471
What is -10001 (base 4) in base 9?
-315
Convert 5351 (base 6) to base 3.
1200011
What is -2480 (base 12) in base 11?
-3113
-8731 (base 12) to base 5
-433434
-51238 (base 9) to base 10
-33731
Convert 11010100011 (base 2) to base 13.
a09
17c64 (base 14) to base 16
eaa0
-1a14 (base 12) to base 8
-6160
28e (base 16) to base 13
3b4
Convert 3533 (base 7) to base 6.
10002
What is -3411 (base 7) in base 2?
-10011010001
Convert 315 (base 6) to base 2.
1110111
Convert -4022131 (base 5) to base 16.
-fa29
What is 3244 (base 8) in base 15?
785
What is 1466 (base 13) in base 12?
1865
Convert -132 (base 13) to base 11.
-181
32030 (base 8) to base 5
411321
What is 22101001 (base 3) in base 9?
8331
What is -eec (base 16) in base 12?
-2264
What is 196b (base 13) in base 12?
2253
What is 21002 (base 4) in base 7?
1454
What is 49 (base 15) in base 4?
1011
Convert -159b5 (base 12) to base 10.
-30809
18164 (base 9) to base 16
30f4
60578 (base 9) to base 8
115642
Convert 11523 (base 6) to base 8.
3253
What is 11111111 (base 2) in base 16?
ff
3415 (base 10) to base 14
135d
Convert -1a9 (base 13) to base 11.
-260
Convert -422100 (base 5) to base 8.
-33311
What is 9a1 (base 13) in base 2?
11001110100
Convert 902 (base 10) to base 13.
545
111230 (base 5) to base 12
2344
Convert 21112 (base 7) to base 14.
1c79
What is -3601 (base 8) in base 3?
-2122011
-23520 (base 8) to base 14
-394c
What is -10230 (base 7) in base 11?
-1991
-1000212 (base 3) to base 10
-752
Convert -23304 (base 6) to base 12.
-1b34
What is 210001 (base 4) in base 9?
3141
49b (base 14) to base 7
2454
What is 31533 (base 7) in base 2?
1111010000111
Convert 5 (base 9) to base 4.
11
What is -32288 (base 10) in base 15?
-9878
What is 2a9 (base 13) in base 14?
261
-176 (base 13) to base 9
-325
3120 (base 11) to base 8
10050
What is -15414 (base 12) in base 14?
-acc8
351 (base 7) to base 11
157
-11a08 (base 11) to base 14
-639c
What is -10112 (base 4) in base 2?
-100010110
What is -11010011 (base 2) in base 8?
-323
2000 (base 8) to base 4
100000
Convert -22013 (base 5) to base 16.
-5e4
Convert 212 (base 14) to base 5.
3113
Convert 3210 (base 5) to base 9.
527
Convert -134134 (base 5) to base 2.
-1010110101000
Convert 351 (base 8) to base 3.
22122
Convert -22113 (base 4) to base 7.
-1635
What is -2021342 (base 5) in base 9?
-48787
-6177 (base 9) to base 3
-20012121
What is -6311 (base 7) in base 6?
-14125
1553 (base 10) to base 8
3021
What is -17650 (base 10) in base 8?
-42362
485 (base 9) to base 7
1112
What is 10133 (base 5) in base 9?
822
-203246 (base 7) to base 4
-20133113
What is -1011011110111 (base 2) in base 16?
-16f7
What is -5523 (base 6) in base 7?
-3501
Convert 7767 (base 11) to base 8.
23775
What is 12a8b (base 15) in base 14?
17ac4
What is -18a5 (base 14) in base 10?
-4457
What is -15585 (base 9) in base 11?
-8037
5c0b (base 15) to base 13
8bb8
What is -30b (base 16) in base 12?
-54b
What is -1284 (base 12) in base 15?
-961
Convert 243 (ba